?
1
What is the ten thousands digit of 25230?
2
What is the units digit of 13788?
8
What is the ten thousands digit of 69207?
6
What is the hundreds digit of 1602?
6
What is the units digit of 1065?
5
What is the units digit of 31217?
7
What is the units digit of 100118?
8
What is the thousands digit of 73079?
3
What is the hundreds digit of 310?
3
What is the thousands digit of 10749?
0
What is the units digit of 2083?
3
What is the units digit of 16778?
8
What is the tens digit of 38985?
8
What is the hundreds digit of 127686?
6
What is the tens digit of 6774?
7
What is the units digit of 4444?
4
What is the tens digit of 1120?
2
What is the units digit of 5182?
2
What is the tens digit of 1677?
7
What is the units digit of 873?
3
What is the units digit of 2151?
1
What is the units digit of 2713?
3
What is the units digit of 284?
4
What is the tens digit of 6230?
3
What is the thousands digit of 9923?
9
What is the units digit of 1109?
9
What is the thousands digit of 1025?
1
What is the units digit of 7059?
9
What is the hundreds digit of 48127?
1
What is the units digit of 22371?
1
What is the tens digit of 661?
6
What is the tens digit of 5640?
4
What is the units digit of 969?
9
What is the units digit of 290?
0
What is the hundreds digit of 343?
3
What is the hundreds digit of 12497?
4
What is the thousands digit of 44435?
4
What is the units digit of 7447?
7
What is the tens digit of 78479?
7
What is the hundreds digit of 80102?
1
What is the units digit of 4372?
2
What is the tens digit of 6447?
4
What is the hundreds digit of 33102?
1
What is the thousands digit of 4669?
4
What is the units digit of 2495?
5
What is the ten thousands digit of 20837?
2
What is the hundreds digit of 5989?
9
What is the ten thousands digit of 51837?
5
What is the ten thousands digit of 26455?
2
What is the tens digit of 3481?
8
What is the hundreds digit of 7798?
7
What is the tens digit of 1768?
6
What is the units digit of 5076?
6
What is the thousands digit of 5460?
5
What is the units digit of 2103?
3
What is the ten thousands digit of 146995?
4
What is the hundreds digit of 32270?
2
What is the tens digit of 1375?
7
What is the tens digit of 618?
1
What is the ten thousands digit of 185319?
8
What is the units digit of 31637?
7
What is the ten thousands digit of 11301?
1
What is the hundreds digit of 39071?
0
What is the thousands digit of 19037?
9
What is the units digit of 229?
9
What is the hundreds digit of 12724?
7
What is the tens digit of 241?
4
What is the tens digit of 6238?
3
What is the thousands digit of 6668?
6
What is the ten thousands digit of 201410?
0
What is the hundreds digit of 137687?
6
What is the units digit of 1217?
7
What is the thousands digit of 29014?
9
What is the units digit of 54081?
1
What is the units digit of 38199?
9
What is the thousands digit of 12682?
2
What is the ten thousands digit of 29094?
2
What is the tens digit of 39457?
5
What is the tens digit of 73291?
9
What is the ten thousands digit of 98674?
9
What is the ten thousands digit of 19501?
1
What is the tens digit of 3044?
4
What is the units digit of 1118?
8
What is the hundreds digit of 6881?
8
What is the hundreds digit of 20309?
3
What is the hundreds digit of 4344?
3
What is the tens digit of 2143?
4
What is the thousands digit of 1849?
1
What is the thousands digit of 1166?
1
What is the thousands digit of 46025?
6
What is the tens digit of 529?
2
What is the tens digit of 72?
7
What is the tens digit of 3136?
3
What is the units digit of 19412?
2
What is the hundreds digit of 3096?
0
What is the tens digit of 11958?
5
What is the thousands digit of 1261?
1
What is the units digit of 270?
0
What is the units digit of 932?
2
What is the hundreds digit of 87640?
6
What is the hundreds digit of 47214?
2
What is the hundreds digit of 2657?
6
What is the thousands digit of 3867?
3
What is the hundreds digit of 8998?
9
What is the hundreds digit of 105813?
8
What is the ten thousands digit of 111003?
1
What is the tens digit of 30519?
1
What is the units digit of 20304?
4
What is the units digit of 1426?
6
What is the ten thousands digit of 37729?
3
What is the hundreds digit of 2894?
8
What is the units digit of 2189?
9
What is the tens digit of 2718?
1
What is the tens digit of 3062?
6
What is the units digit of 2520?
0
What is the units digit of 3676?
6
What is the thousands digit of 1265?
1
What is the units digit of 525?
5
What is the thousands digit of 44201?
4
What is the ten thousands digit of 47808?
4
What is the hundreds digit of 844?
8
What is the thousands digit of 2903?
2
What is the ten thousands digit of 17810?
1
What is the units digit of 3036?
6
What is the units digit of 4798?
8
What is the ten thousands digit of 38647?
3
What is the hundreds digit of 794?
7
What is the units digit of 511?
1
What is the units digit of 169?
9
What is the hundreds digit of 535?
5
What is the tens digit of 1470?
7
What is the ten thousands digit of 11236?
1
What is the units digit of 9164?
4
What is the units digit of 261?
1
What is the units digit of 21915?
5
What is the tens digit of 1198?
9
What is the thousands digit of 3961?
3
What is the hundreds digit of 24019?
0
What is the thousands digit of 4526?
4
What is the hundreds digit of 14872?
8
What is the units digit of 41575?
5
What is the tens digit of 46?
4
What is the thousands digit of 3653?
3
What is the units digit of 164?
4
What is the units digit of 294?
4
What is the hundreds digit of 7666?
6
What is the thousands digit of 9742?
9
What is the ten thousands digit of 14899?
1
What is the units digit of 66646?
6
What is the hundreds digit of 2680?
6
What is the tens digit of 1471?
7
What is the hundreds digit of 11547?
5
What is the hundreds digit of 15971?
9
What is the hundreds digit of 9317?
3
What is the hundreds digit of 12861?
8
What is the thousands digit of 28897?
8
What is the units digit of 1848?
8
What is the tens digit of 13225?
2
What is the thousands digit of 104285?
4
What is the units digit of 24208?
8
What is the tens digit of 779?
7
What is the hundreds digit of 471?
4
What is the units digit of 25211?
1
What is the thousands digit of 3795?
3
What is the tens digit of 909?
0
What is the thousands digit of 25529?
5
What is the thousands digit of 4122?
4
What is the hundreds digit of 20073?
0
What is the hundreds digit of 57524?
5
What is the units digit of 857?
7
What is the ten thousands digit of 46297?
4
What is the hundreds digit of 29571?
5
What is the hundreds digit of 42027?
0
What is the thousands digit of 3264?
3
What is the tens digit of 144?
4
What is the units digit of 2135?
5
What is the tens digit of 19735?
3
What is the units digit of 7646?
6
What is the units digit of 29301?
1
What is the hundreds digit of 167?
1
What is the thousands digit of 1106?
1
What is the units digit of 179?
9
What is the thousands digit of 43908?
3
What is the units digit of 1342?
2
What is the thousands digit of 33030?
3
What is the units digit of 1370?
0
What is the units digit of 115612?
2
What is the hundreds digit of 19052?
0
What is the units digit of 1118?
8
What is the tens digit of 17126?
2
What is the hundred thousands digit of 138215?
1
What is the thousands digit of 1258?
1
What is the hundred thousands digit of 171631?
1
What is the hundreds digit of 533?
5
What is the thousands digit of 8816?
8
What is the tens digit of 2248?
4
What is the units digit of 14?
4
What is the units digit of 7862?
2
What is the hundreds digit of 6196?
1
What is the tens digit of 2391?
9
What is the hundreds digit of 396?
3
What is the thousands digit of 2663?
2
What is the hundreds digit of 4718?
7
What is the ten thousands digit of 27066?
2
What is the tens digit of 21003?
0
What is the thousands digit of 3292?
3
What is the hundreds digit of 571?
5
What is the tens digit of 4144?
4
What is the tens digit of 2114?
1
What is the tens digit of 4386?
8
What is the tens digit of 27790?
9
What is the hundreds digit of 6854?
8
What is the tens digit of 2046?
4
What is the thousands digit of 1989?
1
What is the hundreds digit of 2855?
8
What is the units digit of 130?
0
What is the thousands digit of 1100?
1
What is the units digit of 24118?
8
What is the hundreds digit of 1091?
0
What is the te